{"id":191,"date":"2020-12-29T00:00:02","date_gmt":"2020-12-29T00:00:02","guid":{"rendered":"https:\/\/www.peelingsquimicos.com\/?page_id=191"},"modified":"2020-12-29T00:05:10","modified_gmt":"2020-12-29T00:05:10","slug":"peeling-con-acido-tricloroacetico","status":"publish","type":"page","link":"https:\/\/www.peelingsquimicos.com\/index.php\/peeling-con-acido-tricloroacetico\/","title":{"rendered":"Peeling con \u00c1cido Tricloroac\u00e9tico"},"content":{"rendered":"\n<p>El peeling con \u00e1cido tricloroac\u00e9tico o TCA es un tratamiento de rejuvenecimiento que corrige imperfecciones en la piel, obteniendo resultados duraderos dependiendo su nivel de concentraci\u00f3n. Es uno de los peelings para cicatrices de acn\u00e9 y verrugas, m\u00e1s efectivo.<\/p>\n\n\n\n<p>El \u00e1cido tricloroac\u00e9tico se puede utilizar en cantidades de 10-25% para tratamientos de profundidad superficial y de 35-50 % para tratamientos de intensidad media. Este es uno de los \u00e1cidos para peelings m\u00e1s utilizados en la pr\u00e1ctica por los profesionales de la est\u00e9tica.<\/p>\n\n\n\n<h2><strong>Beneficios del Peeling con \u00c1cido Tricloroac\u00e9tico<\/strong><\/h2>\n\n\n\n<p>Entre los <strong>beneficios principales<\/strong> del \u00e1cido tricloroac\u00e9tico podemos encontrar los siguientes:<\/p>\n\n\n\n<ul><li>Combate la flacidez de la piel<\/li><li>Elimina las arrugas y l\u00edneas finas<\/li><li>Combate el acn\u00e9 ligero y manchas en la piel<\/li><li>Aten\u00faa cicatrices post acn\u00e9<\/li><li>Elimina verrugas (Se utiliza mucho para verrugas genitales relacionadas al papiloma humano)<\/li><\/ul>\n\n\n\n<p><\/p>\n\n\n\n<h2><strong>Procedimiento del Peeling con \u00c1cido Tricloroac\u00e9tico Paso a Paso<\/strong><\/h2>\n\n\n\n<ol><li>El procedimiento del peeling con \u00e1cido tricloroac\u00e9tico comienza como todo tratamiento de peeling debe comenzar, con una limpieza del rostro.<\/li><li>Luego el esteticista aplica el producto ya sea con un cepillo, brocha o en una mascarilla.<\/li><li>El \u00e1cido debe permanecer unos pocos minutos sobre el rostro para realizar su funci\u00f3n. Durante el procedimiento el paciente comenzar\u00e1 a sentir un leve picor.<\/li><li>Despu\u00e9s de esto se produce un enrojecimiento en la zona aplicada seguido por un blanqueamiento o escarchamiento. Cuando esto ocurre el esteticista debe aplicar r\u00e1pidamente (no esperar mas de 15 segundos) el producto posterior al peeling, que es una crema estabilizadora, para que el tricloroac\u00e9tico deje de profundizar. Esta crema se deja alrededor de tres horas sobre el rostro, luego se lava la cara y se aplica crema hidratante.<\/li><li>Los resultados se comenzaran a notar al cabo de una semana pero sera a los quince d\u00edas cuando se conseguir\u00e1 una piel luminosa. Finalmente habremos conseguido renovar en quince d\u00edas lo que la piel tarda aproximadamente cuatro meses en renovar.<\/li><\/ol>\n\n\n\n<h2><strong>Cuanto dura el Peeling con \u00c1cido Tricloroac\u00e9tico<\/strong><\/h2>\n\n\n\n<p>Normalmente el resultado conseguido con el \u00e1cido tricloroac\u00e9tico dura tres meses. Esta duraci\u00f3n se puede alargar combin\u00e1ndolo con una buena crema posterior al peeling o sesiones de vitaminas, al punto de que con dos peelings al a\u00f1o se puede mantener el resultado.<\/p>\n\n\n\n<p><\/p>\n\n\n\n<h2><strong>Conclusi\u00f3n<\/strong><\/h2>\n\n\n\n<p>Esta informaci\u00f3n es basada en las concentraciones est\u00e1ndar utilizadas para este tipo de peeling TCA, que rondan el 35%. Concentraciones m\u00e1s altas pueden implicar diferencias, especialmente en el tiempo de aplicaci\u00f3n y visualizaci\u00f3n de los resultados \u00f3ptimos.<\/p>\n\n\n\n<p>Queda m\u00e1s que claro que un peeling con \u00e1cido tricloroac\u00e9tico puede ser muy beneficioso para la piel. Es indispensable que consultes con un profesional de la est\u00e9tica si es adecuado para tu piel y cuales son las concentraciones aplicables para ti.<\/p>\n","protected":false},"excerpt":{"rendered":"<p>El peeling con &aacute;cido tricloroac&eacute;tico o TCA es un tratamiento de rejuvenecimiento que corrige imperfecciones en la piel, obteniendo resultados duraderos dependiendo su nivel de concentraci&oacute;n. Es uno de los peelings para cicatrices de acn&eacute; y verrugas, m&aacute;s efectivo. El &aacute;cido tricloroac&eacute;tico se puede utilizar en cantidades de 10-25% para tratamientos de profundidad superficial y &#8230; <a title=\"Peeling con \u00c1cido Tricloroac\u00e9tico\" class=\"read-more\" href=\"https:\/\/www.peelingsquimicos.com\/index.php\/peeling-con-acido-tricloroacetico\/\">Leer m\u00e1s<\/a><\/p>\n","protected":false},"author":1,"featured_media":194,"parent":0,"menu_order":0,"comment_status":"closed","ping_status":"closed","template":"","meta":[],"uagb_featured_image_src":{"full":["https:\/\/www.peelingsquimicos.com\/wp-content\/uploads\/2020\/12\/Peeling-con-\u00c1cido-Tricloroac\u00e9tico.jpg",1022,682,false],"thumbnail":["https:\/\/www.peelingsquimicos.com\/wp-content\/uploads\/2020\/12\/Peeling-con-\u00c1cido-Tricloroac\u00e9tico-150x150.jpg",150,150,true],"medium":["https:\/\/www.peelingsquimicos.com\/wp-content\/uploads\/2020\/12\/Peeling-con-\u00c1cido-Tricloroac\u00e9tico-300x200.jpg",300,200,true],"medium_large":["https:\/\/www.peelingsquimicos.com\/wp-content\/uploads\/2020\/12\/Peeling-con-\u00c1cido-Tricloroac\u00e9tico-768x513.jpg",768,513,true],"large":["https:\/\/www.peelingsquimicos.com\/wp-content\/uploads\/2020\/12\/Peeling-con-\u00c1cido-Tricloroac\u00e9tico.jpg",1022,682,false],"1536x1536":["https:\/\/www.peelingsquimicos.com\/wp-content\/uploads\/2020\/12\/Peeling-con-\u00c1cido-Tricloroac\u00e9tico.jpg",1022,682,false],"2048x2048":["https:\/\/www.peelingsquimicos.com\/wp-content\/uploads\/2020\/12\/Peeling-con-\u00c1cido-Tricloroac\u00e9tico.jpg",1022,682,false]},"uagb_author_info":{"display_name":"admin","author_link":"https:\/\/www.peelingsquimicos.com\/index.php\/author\/admin\/"},"uagb_comment_info":0,"uagb_excerpt":"El peeling con &aacute;cido tricloroac&eacute;tico o TCA es un tratamiento de rejuvenecimiento que corrige imperfecciones en la piel, obteniendo resultados duraderos dependiendo su nivel de concentraci&oacute;n. Es uno de los peelings para cicatrices de acn&eacute; y verrugas, m&aacute;s efectivo. El &aacute;cido tricloroac&eacute;tico se puede utilizar en cantidades de 10-25% para tratamientos de profundidad superficial y&hellip;","yoast_head":"<!-- This site is optimized with the Yoast SEO plugin v14.7 - https:\/\/yoast.com\/wordpress\/plugins\/seo\/ -->\n<title>Peeling con \u00c1cido Tricloroac\u00e9tico - Peeling Qu&iacute;mico<\/title>\n<meta name=\"description\" content=\"El peeling con \u00e1cido tricloroac\u00e9tico es la alternativa perfecta para quien quiere una mejoria en la apariencia y salud de su piel.\" \/>\n<meta name=\"robots\" content=\"index, follow\" \/>\n<meta name=\"googlebot\" content=\"index, follow, max-snippet:-1, max-image-preview:large, max-video-preview:-1\" \/>\n<meta name=\"bingbot\" content=\"index, follow, max-snippet:-1, max-image-preview:large, max-video-preview:-1\" \/>\n<link rel=\"canonical\" href=\"https:\/\/www.peelingsquimicos.com\/index.php\/peeling-con-acido-tricloroacetico\/\" \/>\n<meta property=\"og:locale\" content=\"es_ES\" \/>\n<meta property=\"og:type\" content=\"article\" \/>\n<meta property=\"og:title\" content=\"Peeling con \u00c1cido Tricloroac\u00e9tico - Peeling Qu&iacute;mico\" \/>\n<meta property=\"og:description\" content=\"El peeling con \u00e1cido tricloroac\u00e9tico es la alternativa perfecta para quien quiere una mejoria en la apariencia y salud de su piel.\" \/>\n<meta property=\"og:url\" content=\"https:\/\/www.peelingsquimicos.com\/index.php\/peeling-con-acido-tricloroacetico\/\" \/>\n<meta property=\"og:site_name\" content=\"Peeling Qu&iacute;mico\" \/>\n<meta property=\"article:modified_time\" content=\"2020-12-29T00:05:10+00:00\" \/>\n<meta property=\"og:image\" content=\"https:\/\/www.peelingsquimicos.com\/wp-content\/uploads\/2020\/12\/Peeling-con-\u00c1cido-Tricloroac\u00e9tico.jpg\" \/>\n\t<meta property=\"og:image:width\" content=\"1022\" \/>\n\t<meta property=\"og:image:height\" content=\"682\" \/>\n<meta name=\"twitter:card\" content=\"summary_large_image\" \/>\n<script type=\"application\/ld+json\" class=\"yoast-schema-graph\">{\"@context\":\"https:\/\/schema.org\",\"@graph\":[{\"@type\":\"WebSite\",\"@id\":\"https:\/\/www.peelingsquimicos.com\/#website\",\"url\":\"https:\/\/www.peelingsquimicos.com\/\",\"name\":\"Peeling Qu&iacute;mico\",\"description\":\"Renovaci&oacute;n Facial en su M&aacute;xima Expresi&oacute;n\",\"potentialAction\":[{\"@type\":\"SearchAction\",\"target\":\"https:\/\/www.peelingsquimicos.com\/?s={search_term_string}\",\"query-input\":\"required name=search_term_string\"}],\"inLanguage\":\"es\"},{\"@type\":\"ImageObject\",\"@id\":\"https:\/\/www.peelingsquimicos.com\/index.php\/peeling-con-acido-tricloroacetico\/#primaryimage\",\"inLanguage\":\"es\",\"url\":\"https:\/\/www.peelingsquimicos.com\/wp-content\/uploads\/2020\/12\/Peeling-con-\\u00c1cido-Tricloroac\\u00e9tico.jpg\",\"width\":1022,\"height\":682,\"caption\":\"Peeling con \\u00c1cido Tricloroac\\u00e9tico\"},{\"@type\":\"WebPage\",\"@id\":\"https:\/\/www.peelingsquimicos.com\/index.php\/peeling-con-acido-tricloroacetico\/#webpage\",\"url\":\"https:\/\/www.peelingsquimicos.com\/index.php\/peeling-con-acido-tricloroacetico\/\",\"name\":\"Peeling con \\u00c1cido Tricloroac\\u00e9tico - Peeling Qu&iacute;mico\",\"isPartOf\":{\"@id\":\"https:\/\/www.peelingsquimicos.com\/#website\"},\"primaryImageOfPage\":{\"@id\":\"https:\/\/www.peelingsquimicos.com\/index.php\/peeling-con-acido-tricloroacetico\/#primaryimage\"},\"datePublished\":\"2020-12-29T00:00:02+00:00\",\"dateModified\":\"2020-12-29T00:05:10+00:00\",\"description\":\"El peeling con \\u00e1cido tricloroac\\u00e9tico es la alternativa perfecta para quien quiere una mejoria en la apariencia y salud de su piel.\",\"inLanguage\":\"es\",\"potentialAction\":[{\"@type\":\"ReadAction\",\"target\":[\"https:\/\/www.peelingsquimicos.com\/index.php\/peeling-con-acido-tricloroacetico\/\"]}]}]}<\/script>\n<!-- \/ Yoast SEO plugin. -->","_links":{"self":[{"href":"https:\/\/www.peelingsquimicos.com\/index.php\/wp-json\/wp\/v2\/pages\/191"}],"collection":[{"href":"https:\/\/www.peelingsquimicos.com\/index.php\/wp-json\/wp\/v2\/pages"}],"about":[{"href":"https:\/\/www.peelingsquimicos.com\/index.php\/wp-json\/wp\/v2\/types\/page"}],"author":[{"embeddable":true,"href":"https:\/\/www.peelingsquimicos.com\/index.php\/wp-json\/wp\/v2\/users\/1"}],"replies":[{"embeddable":true,"href":"https:\/\/www.peelingsquimicos.com\/index.php\/wp-json\/wp\/v2\/comments?post=191"}],"version-history":[{"count":2,"href":"https:\/\/www.peelingsquimicos.com\/index.php\/wp-json\/wp\/v2\/pages\/191\/revisions"}],"predecessor-version":[{"id":193,"href":"https:\/\/www.peelingsquimicos.com\/index.php\/wp-json\/wp\/v2\/pages\/191\/revisions\/193"}],"wp:featuredmedia":[{"embeddable":true,"href":"https:\/\/www.peelingsquimicos.com\/index.php\/wp-json\/wp\/v2\/media\/194"}],"wp:attachment":[{"href":"https:\/\/www.peelingsquimicos.com\/index.php\/wp-json\/wp\/v2\/media?parent=191"}],"curies":[{"name":"wp","href":"https:\/\/api.w.org\/{rel}","templated":true}]}}